t common factor of y and 636.
12
Let g(m) = -1562*m + 149. Let y be g(-1). What is the greatest common divisor of 377 and y?
29
Suppose 3*a = -3*j + 405, 11*a - 14*a - j = -399. Calculate the greatest common divisor of 36 and a.
12
Let v(x) = -10*x**2 - 577*x - 379. Let u be v(-57). What is the highest common divisor of 2960 and u?
20
Let f(x) = 3*x**2 + 149*x - 2246. Let q be f(-62). What is the highest common divisor of 7464 and q?
24
Suppose 3*p = t - 72 - 575, -4*t = -5*p - 2567. Let f = -634 + t. What is the highest common divisor of 172 and f?
4
Suppose 5*r - 5*s = 65345, -5*r + 58648 = -3*s - 6683. What is the highest common factor of r and 42?
42
Let r = -15302 - -16470. What is the greatest common divisor of r and 949?
73
Suppose -3*o + 168 = -2*p + 105, -2*o = -p - 42. What is the highest common factor of 273 and o?
21
Suppose 1 = -5*c + v, -2*v + 15 = 5*c - 7*v. Suppose -t - b = -250, 0 = b - 2*b - 2. Let i be t/24 - c/(-2). What is the highest common divisor of 10 and i?
10
Let m = -815 + 863. What is the greatest common factor of 6096 and m?
48
Suppose -5*t + 45 = 4*j, t - 10*j + 20 = -5*j. Suppose t*x - 21 - 739 = 0. What is the greatest common divisor of x and 133?
19
Let x(p) = 8*p**2 - 6 + 2*p**3 - 5*p**2 - p + p**3. Let y = 49 - 46. Let i be x(y). What is the greatest common factor of 11 and i?
11
Let a = 435 - 273. Let n = a - 147. What is the highest common factor of 5 and n?
5
Let f be (-4 - -1)*(-2)/1. Let s(x) = -2*x**3 - 36*x**2 - 125*x + 428. Let d be s(-10). What is the greatest common factor of f and d?
6
Let x = -362 - -392. Let i(b) = 2*b - 18. Let l be 18 + -1 + 1 + -4. Let k be i(l). What is the highest common divisor of x and k?
10
Suppose 23 = 5*t - f, 5*f = 5*t - 17 - 18. Suppose q + 3 = t. Suppose 12 = s + 3*s. What is the highest common factor of q and s?
1
Let n be (-2)/5 - (-10584)/135. Suppose -n = -2*v + 6. Calculate the greatest common factor of 147 and v.
21
Let u be 1/1*3*22. Let c = 156 + -146. Suppose 38 = 6*p - 4*p + 2*k, 0 = p + 4*k - c. What is the greatest common divisor of u and p?
22
Let m = 4787 - 4591. What is the highest common divisor of 2254 and m?
98
Suppose 0 = -10*j + 7*j + 9, 4 = 4*h + 4*j. Let y be 1*(-17)/h*28. What is the highest common factor of y and 34?
34
Suppose -2*l + 12 = 5*m - 14, 0 = -4*m + 5*l + 1. Calculate the greatest common factor of m and 788.
4
Suppose -5*n + 361 - 11 = 0. Let f(b) = -b**2 + 359*b + 1466. Let d be f(-4). Calculate the greatest common factor of d and n.
14
Let d = 3221 + -3034. What is the greatest common divisor of d and 119?
17
Let c = 18 + 0. Let m be c - 3 - (0 + 2). Let z(d) = d**2 + 12*d - 59. Let x be z(-17). What is the highest common divisor of x and m?
13
Let a(p) = p**2 - 66*p + 632. Let f be a(11). What is the highest common factor of 5 and f?
1
Let q be (45/8 - 6) + 22335/40. Let o = q - 327. What is the greatest common divisor of o and 84?
21
Suppose 0 = -p - 0*p + 120. Let h be 96/(78/18 - 3). What is the greatest common factor of h and p?
24
Let k(a) = -2*a + 24. Let p be 13 - 2 - (0 + 1). Let z be k(p). Suppose 0*b + z*b = 12. Calculate the greatest common divisor of 33 and b.
3
Suppose -125*y + 662 = -1463. Calculate the highest common divisor of y and 51.
17
Let y = -10665 + 10959. What is the highest common divisor of y and 378?
42
Let y = -35967 + 36103. What is the greatest common divisor of y and 170?
34
Let o be (10 - 52915/38)*2*-1. Let s(x) = 2*x - 7. Let r be s(7). Suppose r*v = o + 469. What is the highest common factor of 42 and v?
42
Let k be (15 - (17 + -24))/2. Calculate the greatest common divisor of 8767 and k.
11
Let w(y) = 2*y**2 + 2*y - 60. Let s be w(-8). Suppose 8*a - s = 108. What is the greatest common factor of 1220 and a?
20
Let g(d) = 3*d**2 + 40*d + 26. Suppose -4 = -4*s + 12, 3*i + 64 = 4*s. Let f be g(i). What is the greatest common divisor of 28 and f?
14
Let a = 1727 + -1538. Suppose 2*m = -10, -g - 2*m + 42 = g. Suppose 0 = 2*z - g - 28. What is the greatest common factor of z and a?
27
Suppose -6*c - 12 = -10*c. Suppose 6 = c*u - 3. Suppose -u*k + 102 = 3*r, -4*k - 5*r = -2*r - 134. Calculate the highest common divisor of k and 224.
32
Let j(r) = -r**3 - 6*r**2 - 5*r + 2. Let g be j(-5). Let w = 155 - 459. Let n be (4180/w)/(10/(-16)). Calculate the highest common divisor of g and n.
2
Let w(f) be the third derivative of -f**5/20 + f**4/12 + 14*f**2. Let n be w(2). Let s be 6/n*(0 - 4) + 15. What is the highest common divisor of 45 and s?
9
Suppose -68*l = 6*l + 140*l - 8560. What is the highest common divisor of 5900 and l?
20
Let a(z) = -z**3 - 7*z**2 + 39*z + 4. Let u be a(-11). Suppose 2074 = u*i - 25*i. What is the highest common factor of i and 61?
61
Suppose -3*l = 2*v - 4704, -2*v - 2*l + 1408 + 3294 = 0. Calculate the greatest common factor of 29 and v.
29
Suppose 0 = 4*x - 5*i - 123159, -2*x + 195*i + 61569 = 196*i. Calculate the greatest common divisor of x and 42.
42
Let v be 4/(-10) - 126/(-15). Let y(o) = 2*o**2 - 10*o - 44. Let c = 770 - 759. Let m be y(c). Calculate the greatest common divisor of v and m.
8
Suppose y + y - 26 = 0. Suppose 73*s - 74 = 72. Calculate the highest common divisor of y and s.
1
Suppose 98*z = -142*z + 1680. Suppose -7 = -3*u - u - k, 5*u - 20 = k. What is the highest common factor of u and z?
1
Let v(q) = -q**3 + 11*q**2 + 47*q - 112. Let k be v(12). Calculate the highest common factor of 1771 and k.
77
Let w be (3848/(-182))/(6/(-84)). What is the highest common divisor of w and 814?
74
Let c = 355 - 223. Suppose 5*m - 49 + c = 3*w, -m = 1. What is the greatest common factor of 26 and w?
26
Let y be (84 - 89) + 1/(-1 - 84/(-81)). Let s(t) = -2*t**2 - 8*t + 2. Let p be s(-4). Calculate the highest common divisor of p and y.
2
Let d be (120/5)/((-72)/(-240)). Calculate the greatest common divisor of 1152 and d.
16
Suppose 5*r - 11*y + 8*y - 64 = 0, y + 58 = 5*r. Calculate the greatest common factor of r and 1958.
11
Let b(h) = -28*h + 780. Let m be b(24). Let w(f) = f**3 + 15*f**2 + 23*f. Let j be w(-10). Calculate the highest common factor of m and j.
54
Suppose 3*q - 39 - 6 = 0. Let o(i) = 22*i**2 + 65*i + 192. Let c be o(-3). What is the highest common divisor of c and q?
15
Suppose 0*d + 5*d + 3*m = 217, 4*d - 4*m - 180 = 0. Let a = 41 - d. Let r be 3 - (-73 + (a - -6) + 1). Calculate the greatest common divisor of r and 9.
9
Suppose 56 = 19*b - 15*b. Suppose -c + b*p - 18*p = -54, -5*p = -2*c + 108. Let q(t) = 7*t**3 - t. Let d be q(1). What is the highest common divisor of d and c?
6
Suppose 1887*u + 5440 = 1897*u. Suppose -92 - 44 = -4*i. Calculate the highest common divisor of u and i.
34
Let x be 7*7 - (-2 - -1). Let y(s) = s**3 - 11*s**2 - 24*s + 4. Let b = 890 - 877. Let h be y(b). What is the highest common divisor of h and x?
10
Let p(y) = -63*y + 210. Let g be p(7). Let r = g + 258. Calculate the greatest common factor of 63 and r.
9
Let z = 33001 + -32154. Calculate the greatest common divisor of z and 2783.
121
Let a be 1/2*14/7. Suppose -5*y - a = -2*m, 4*m + 8 - 25 = -5*y. Let x(i) = -i**2 + 17*i - 15. Let h be x(14). What is the highest common divisor of m and h?
3
Suppose 0 + 76 = 2*w. Let f(h) = 2*h**2 - h. Let n be f(-1). Suppose 4*a - n*a - 114 = 0. Calculate the greatest common factor of w and a.
38
Suppose -5*o - u = -2973, -3*u + 9 = -0. What is the greatest common divisor of o and 88?
22
Suppose -i - 17 = -4*d, 13*i + 13 = 2*d + 8*i. Suppose d*f = -12*f + 1936. What is the highest common factor of 33 and f?
11
Let a(v) = v**3 + 32*v**2 + 67*v + 169. Let k be a(-29). What is the greatest common divisor of 7 and k?
7
Let h = -3 - -1. Let w = 2828 + -2826. Let o be h/(w/27)*(-588)/126. Calculate the highest common divisor of 14 and o.
14
Let j(m) = -38 - 25 + 30 - 3*m. Let g be j(-12). Suppose 2*i = 2*k - 0*k + 22, -2*i = g*k - 32. Calculate the highest common divisor of 91 and i.
13
Suppose -7*s = -6*s - 5*k + 12, 0 = 2*s - 2*k. Suppose 0 = 4*i + s*b - 554, i = -b - 2*b + 134. What is the highest common divisor of i and 10?
10
Let p = 0 + 3. Suppose 2*c - 350 = -p*c. Let f = 128 + c. Calculate the greatest common divisor of 18 and f.
18
Let m be (-150)/(-8)*2784/783*(-123)/(-4). Calculate the highest common factor of 1845 and m.
